{"id":11881,"date":"2022-04-10T18:50:42","date_gmt":"2022-04-10T18:50:42","guid":{"rendered":"http:\/\/speleonews.pl\/valbona\/?page_id=11881"},"modified":"2022-04-11T06:35:20","modified_gmt":"2022-04-11T06:35:20","slug":"2020-mikro-wyprawa-rekonesansowa","status":"publish","type":"page","link":"https:\/\/speleonews.pl\/valbona\/eksploracja\/2020-mikro-wyprawa-rekonesansowa\/","title":{"rendered":"2020 &#8211; mikro-wyprawa rekonesansowa"},"content":{"rendered":"\n<p><em>Ewelina Raczy\u0144ska, Micha\u0142 Macioszczyk<\/em><\/p>\n\n\n\n<p>Aby nakarmi\u0107 nasz g\u0142\u00f3d eksploracyjny robili\u015bmy w ostatnim czasie kilka bardziej lub mniej udanych wyskok\u00f3w po mapie Europy i Azji. I tak w dniach 21-25 wrze\u015bnia 2020 roku odbyli\u015bmy kr\u00f3tk\u0105, rekonesansow\u0105 mikro-wypraw\u0119 w Alpy Alba\u0144skie, tu\u017c obok Valbony. Dzi\u0119ki uprzejmo\u015bci Mariusza Poloka zostali\u015bmy wyposa\u017ceni w dok\u0142adne koordynaty otwor\u00f3w jaskiniowych dotychczas odkrytych oraz pinezk\u0119 miejsca biwakowego. Czuj\u0105c si\u0119 elementarnie przygotowani &#8211; ruszamy w drog\u0119.<\/p>\n\n\n\n<p>Nasza baza mia\u0142a znajdowa\u0107 si\u0119 na wysoko\u015bci ok 2000 m n.p.m. (powy\u017cej Cerem), dok\u0105d TEORETYCZNIE mo\u017cna dojecha\u0107 autem. Teoretycznie &#8211; bo warunkiem koniecznym okaza\u0142o si\u0119 posiadanie bardzo wysoko zawieszonego auta z nap\u0119dem na cztery ko\u0142a. 20 km drogi pod g\u00f3r\u0119, w trybie wielkiej ostro\u017cno\u015bci i troski o zawieszenie, pokonali\u015bmy w zawrotnym czasie 4 godzin. Ale si\u0119 uda\u0142o, wi\u0119c ju\u017c wtedy poczuli\u015bmy, \u017ce to pierwsza cegie\u0142ka do pasma sukces\u00f3w, kt\u00f3re nas potem czeka\u0142o.<\/p>\n\n\n\n<p>Przekonali\u015bmy si\u0119 o tym b\u0142yskawicznie podczas pierwszego spotkania z tubylcami. Zatrzymali\u015bmy si\u0119 tu\u017c obok chat pasterskich, by grzecznie zapyta\u0107 si\u0119 o zgod\u0119 na post\u00f3j. My &#8211; po polsku\/angielsku, zak\u0142adali\u015bmy, \u017ce odpowied\u017a padnie w szczerym alba\u0144skim i reszta rozmowy b\u0119dzie na migi. Ale o dziwo wnuczka pasterzy m\u00f3wi\u0142a po angielsku, wi\u0119c &#8211; zn\u00f3w sukces &#8211; rozmowa odby\u0142a si\u0119 w pe\u0142nym porozumieniu z obu stron. Co prawda okaza\u0142o si\u0119, \u017ce \u017ar\u00f3de\u0142ko, kt\u00f3re tu powinno bi\u0107, ze wzgl\u0119du na tegoroczn\u0105 do\u015b\u0107 such\u0105 pogod\u0119, nie ma wody.&nbsp; Na szcz\u0119\u015bcie byli\u015bmy na to wcze\u015bniej przygotowani i nie stanowi\u0142o to dla nas wielkiego problemu.&nbsp;<\/p>\n\n\n\n<figure class=\"wp-block-gallery has-nested-images columns-2 is-cropped wp-block-gallery-1 is-layout-flex wp-block-gallery-is-layout-flex\">\n<figure class=\"wp-block-image size-large is-style-default\"><img loading=\"lazy\" decoding=\"async\" width=\"768\" height=\"1024\" data-id=\"11882\" src=\"http:\/\/speleonews.pl\/valbona\/wp-content\/uploads\/2022\/04\/Cerem2020-1-768x1024.jpg\" alt=\"\" class=\"wp-image-11882\" srcset=\"https:\/\/speleonews.pl\/valbona\/wp-content\/uploads\/2022\/04\/Cerem2020-1-768x1024.jpg 768w, https:\/\/speleonews.pl\/valbona\/wp-content\/uploads\/2022\/04\/Cerem2020-1-225x300.jpg 225w, https:\/\/speleonews.pl\/valbona\/wp-content\/uploads\/2022\/04\/Cerem2020-1-9x12.jpg 9w, https:\/\/speleonews.pl\/valbona\/wp-content\/uploads\/2022\/04\/Cerem2020-1.jpg 800w\" sizes=\"(max-width: 768px) 100vw, 768px\" \/><\/figure>\n\n\n\n<figure class=\"wp-block-image size-large is-style-default\"><img loading=\"lazy\" decoding=\"async\" width=\"800\" height=\"600\" data-id=\"11883\" src=\"http:\/\/speleonews.pl\/valbona\/wp-content\/uploads\/2022\/04\/Cerem2020-2.jpg\" alt=\"\" class=\"wp-image-11883\" srcset=\"https:\/\/speleonews.pl\/valbona\/wp-content\/uploads\/2022\/04\/Cerem2020-2.jpg 800w, https:\/\/speleonews.pl\/valbona\/wp-content\/uploads\/2022\/04\/Cerem2020-2-300x225.jpg 300w, https:\/\/speleonews.pl\/valbona\/wp-content\/uploads\/2022\/04\/Cerem2020-2-768x576.jpg 768w, https:\/\/speleonews.pl\/valbona\/wp-content\/uploads\/2022\/04\/Cerem2020-2-16x12.jpg 16w\" sizes=\"(max-width: 800px) 100vw, 800px\" \/><\/figure>\n\n\n\n<figure class=\"wp-block-image size-large is-style-default\"><img loading=\"lazy\" decoding=\"async\" width=\"800\" height=\"1646\" data-id=\"11884\" src=\"http:\/\/speleonews.pl\/valbona\/wp-content\/uploads\/2022\/04\/Cerem2020-3.jpg\" alt=\"\" class=\"wp-image-11884\" srcset=\"https:\/\/speleonews.pl\/valbona\/wp-content\/uploads\/2022\/04\/Cerem2020-3.jpg 800w, https:\/\/speleonews.pl\/valbona\/wp-content\/uploads\/2022\/04\/Cerem2020-3-146x300.jpg 146w, https:\/\/speleonews.pl\/valbona\/wp-content\/uploads\/2022\/04\/Cerem2020-3-498x1024.jpg 498w, https:\/\/speleonews.pl\/valbona\/wp-content\/uploads\/2022\/04\/Cerem2020-3-768x1580.jpg 768w, https:\/\/speleonews.pl\/valbona\/wp-content\/uploads\/2022\/04\/Cerem2020-3-747x1536.jpg 747w, https:\/\/speleonews.pl\/valbona\/wp-content\/uploads\/2022\/04\/Cerem2020-3-6x12.jpg 6w\" sizes=\"(max-width: 800px) 100vw, 800px\" \/><\/figure>\n\n\n\n<figure class=\"wp-block-image size-large is-style-default\"><img loading=\"lazy\" decoding=\"async\" width=\"800\" height=\"1646\" data-id=\"11885\" src=\"http:\/\/speleonews.pl\/valbona\/wp-content\/uploads\/2022\/04\/Cerem2020-4.jpg\" alt=\"\" class=\"wp-image-11885\" srcset=\"https:\/\/speleonews.pl\/valbona\/wp-content\/uploads\/2022\/04\/Cerem2020-4.jpg 800w, https:\/\/speleonews.pl\/valbona\/wp-content\/uploads\/2022\/04\/Cerem2020-4-146x300.jpg 146w, https:\/\/speleonews.pl\/valbona\/wp-content\/uploads\/2022\/04\/Cerem2020-4-498x1024.jpg 498w, https:\/\/speleonews.pl\/valbona\/wp-content\/uploads\/2022\/04\/Cerem2020-4-768x1580.jpg 768w, https:\/\/speleonews.pl\/valbona\/wp-content\/uploads\/2022\/04\/Cerem2020-4-747x1536.jpg 747w, https:\/\/speleonews.pl\/valbona\/wp-content\/uploads\/2022\/04\/Cerem2020-4-6x12.jpg 6w\" sizes=\"(max-width: 800px) 100vw, 800px\" \/><\/figure>\n\n\n\n<figure class=\"wp-block-image size-large is-style-default\"><img loading=\"lazy\" decoding=\"async\" width=\"800\" height=\"1646\" data-id=\"11886\" src=\"http:\/\/speleonews.pl\/valbona\/wp-content\/uploads\/2022\/04\/Cerem2020-5.jpg\" alt=\"\" class=\"wp-image-11886\" srcset=\"https:\/\/speleonews.pl\/valbona\/wp-content\/uploads\/2022\/04\/Cerem2020-5.jpg 800w, https:\/\/speleonews.pl\/valbona\/wp-content\/uploads\/2022\/04\/Cerem2020-5-146x300.jpg 146w, https:\/\/speleonews.pl\/valbona\/wp-content\/uploads\/2022\/04\/Cerem2020-5-498x1024.jpg 498w, https:\/\/speleonews.pl\/valbona\/wp-content\/uploads\/2022\/04\/Cerem2020-5-768x1580.jpg 768w, https:\/\/speleonews.pl\/valbona\/wp-content\/uploads\/2022\/04\/Cerem2020-5-747x1536.jpg 747w, https:\/\/speleonews.pl\/valbona\/wp-content\/uploads\/2022\/04\/Cerem2020-5-6x12.jpg 6w\" sizes=\"(max-width: 800px) 100vw, 800px\" \/><\/figure>\n\n\n\n<figure class=\"wp-block-image size-large is-style-default\"><img loading=\"lazy\" decoding=\"async\" width=\"800\" height=\"1646\" data-id=\"11887\" src=\"http:\/\/speleonews.pl\/valbona\/wp-content\/uploads\/2022\/04\/Cerem2020-6.jpg\" alt=\"\" class=\"wp-image-11887\" srcset=\"https:\/\/speleonews.pl\/valbona\/wp-content\/uploads\/2022\/04\/Cerem2020-6.jpg 800w, https:\/\/speleonews.pl\/valbona\/wp-content\/uploads\/2022\/04\/Cerem2020-6-146x300.jpg 146w, https:\/\/speleonews.pl\/valbona\/wp-content\/uploads\/2022\/04\/Cerem2020-6-498x1024.jpg 498w, https:\/\/speleonews.pl\/valbona\/wp-content\/uploads\/2022\/04\/Cerem2020-6-768x1580.jpg 768w, https:\/\/speleonews.pl\/valbona\/wp-content\/uploads\/2022\/04\/Cerem2020-6-747x1536.jpg 747w, https:\/\/speleonews.pl\/valbona\/wp-content\/uploads\/2022\/04\/Cerem2020-6-6x12.jpg 6w\" sizes=\"(max-width: 800px) 100vw, 800px\" \/><\/figure>\n<figcaption class=\"blocks-gallery-caption\">Sprawdzanie otwor\u00f3w w Masywie Maja Gjarperit zlokalizowany w wid\u0142ach Valbony i jej dop\u0142ywu potoku Cerem <br><em><sup>fot. Ewelina Raczy\u0144ska i Micha\u0142 Macioszczyk<\/sup><\/em><\/figcaption><\/figure>\n\n\n\n<p>Plan eksploracyjny zak\u0142ada\u0142 w pigu\u0142ce sprawdzenie znanych otwor\u00f3w, znalezienie nowych oraz rekonesans na wypadek zorganizowania wyprawy eksploracyjnej z prawdziwego zdarzenia.<\/p>\n\n\n\n<p>W czasie tych trzech kr\u00f3tkich ale intensywnych dni uda\u0142o nam si\u0119 odhaczy\u0107 z listy wszystkie punkty. Zweryfikowali\u015bmy jedena\u015bcie istniej\u0105cych otwor\u00f3w ostatecznie zamkn\u0105\u0107 9 z nich (dwa pozosta\u0142e trzeba sprawdzi\u0107 przy mniejszej ilo\u015bci zalegaj\u0105cego \u015bniegu). Dodatkowo odkryli\u015bmy 27 nowych otwor\u00f3w, z kt\u00f3rych 20 wymaga ponownego sprawdzenia (g\u0142\u00f3wnie poszerzania). Niestety na tamt\u0105 chwil\u0119 \u017caden z nich nas \u201cnie pu\u015bci\u0142&#8221;. To jednak nie studzi naszego wielkiego zachwytu i entuzjazmu, jakiego do\u015bwiadczyli\u015bmy za spraw\u0105 ob\u0142\u0119dnie zjawiskowego krasu alpejskiego. Maj\u0105c uargumentowane nadzieje na odkrycie nowych, by\u0107 mo\u017ce g\u0142\u0119bokich jaski\u0144 postanowili\u015bmy, \u017ce za rok zbieramy wi\u0119ksz\u0105 ekip\u0119 i ruszamy ju\u017c pe\u0142n\u0105 par\u0105 na regularn\u0105 obl\u0119\u017cnicz\u0105 eksploracj\u0119.<\/p>\n","protected":false},"excerpt":{"rendered":"<p>Ewelina Raczy\u0144ska, Micha\u0142 Macioszczyk Aby nakarmi\u0107 nasz g\u0142\u00f3d eksploracyjny robili\u015bmy&hellip;<\/p>\n<p> <a class=\"more-link\" href=\"https:\/\/speleonews.pl\/valbona\/eksploracja\/2020-mikro-wyprawa-rekonesansowa\/\">Czytaj dalej<\/a><\/p>\n","protected":false},"author":1,"featured_media":11888,"parent":11633,"menu_order":0,"comment_status":"closed","ping_status":"closed","template":"","meta":{"footnotes":""},"_links":{"self":[{"href":"https:\/\/speleonews.pl\/valbona\/wp-json\/wp\/v2\/pages\/11881"}],"collection":[{"href":"https:\/\/speleonews.pl\/valbona\/wp-json\/wp\/v2\/pages"}],"about":[{"href":"https:\/\/speleonews.pl\/valbona\/wp-json\/wp\/v2\/types\/page"}],"author":[{"embeddable":true,"href":"https:\/\/speleonews.pl\/valbona\/wp-json\/wp\/v2\/users\/1"}],"replies":[{"embeddable":true,"href":"https:\/\/speleonews.pl\/valbona\/wp-json\/wp\/v2\/comments?post=11881"}],"version-history":[{"count":5,"href":"https:\/\/speleonews.pl\/valbona\/wp-json\/wp\/v2\/pages\/11881\/revisions"}],"predecessor-version":[{"id":11900,"href":"https:\/\/speleonews.pl\/valbona\/wp-json\/wp\/v2\/pages\/11881\/revisions\/11900"}],"up":[{"embeddable":true,"href":"https:\/\/speleonews.pl\/valbona\/wp-json\/wp\/v2\/pages\/11633"}],"wp:featuredmedia":[{"embeddable":true,"href":"https:\/\/speleonews.pl\/valbona\/wp-json\/wp\/v2\/media\/11888"}],"wp:attachment":[{"href":"https:\/\/speleonews.pl\/valbona\/wp-json\/wp\/v2\/media?parent=11881"}],"curies":[{"name":"wp","href":"https:\/\/api.w.org\/{rel}","templated":true}]}}